0. Suppose -7 + 12 = a*q. Calculate s(q).
-1
Let h be 2 + -2 + -12 - -3. Let y = h - -2. Let q(s) = s**2 + 6*s - 3. What is q(y)?
4
Let d be (-12 - 7 - -18)*-43. Let z(q) = -3*q**3 + 128*q**2 + 43*q - 7. What is z(d)?
-7
Let r(k) = k + 7. Suppose n = -2*n - 81. Let v be (-138)/n + 7/(-63). Determine r(v).
12
Let y(k) = 512*k - 81*k - 80*k - 83*k - 192*k - 4 - k**2 - 84*k. Let v = -8 + 1. Determine y(v).
3
Let t(j) = -j**2 - 12*j + 32. Let o = -7408 + 7395. Calculate t(o).
19
Suppose -3*j + 38 - 29 = 0. Let f(n) = -11 + 7*n**j + 9*n**3 + 2*n**3 - 17*n**3. Determine f(0).
-11
Let x(m) = m**2 + 8*m + 7. Let j(g) be the second derivative of 13*g**3/3 + 127*g**2 + 15*g + 1. Let z be j(-10). Calculate x(z).
-5
Let u(x) = -x**2 + 5*x - 5. Let f be u(4). Let k(z) be the first derivative of -2 + 5*z - 6*z**2 - 5 - 4*z - 7. Give k(f).
13
Let p(q) = 3*q**2 - 3*q + 10. Let s(n) = 2*n**2 - 2*n + 9. Let y(k) = -3*p(k) + 4*s(k). Let j = 562 - 562. Suppose -10*c + 0*c - 15*c = j. Give y(c).
6
Suppose 283*t = 274*t + 279. Suppose -20*r + 88 = -t*r. Let q(n) = -2*n - 11. What is q(r)?
5
Let q(h) = -h + 6. Let l(m) = -19*m - 13. Let i(f) = 16*f + 14. Let n(w) = -3*i(w) - 2*l(w). Let a be n(-2). What is q(a)?
2
Let h(p) = p**2 - 3*p + 7. Let t(q) = -q**2. Let w(l) = -h(l) - 2*t(l). Let n(a) = a**3 + 3*a**2 + a + 5. Let r be n(0). Give w(r).
33
Let f(z) be the second derivative of z**5/10 + z**4/4 + z**3/2 + 5*z**2/2 - 90*z + 1. Give f(-2).
-5
Let i(g) = 5*g**2 - 2*g + 6*g - 4 - 2 - g**3. Let u = -356880 - -356885. Determine i(u).
14
Suppose -3 = -2*t - 2*r - 11, r + 8 = -5*t. Let d(u) = 2*u + 3. Let b be d(t). Let j be -1 + (0 + b)*-1. Let f(y) = 2*y + 2. What is f(j)?
-2
Let n(i) = -6*i**2 - 3*i. Suppose 81*g - 60 = 102. What is n(g)?
-30
Let c(n) = -n**3 - 6*n**2 + 7*n. Suppose -2*b - 5*r = -5*b + 1071, -3 = r. Let p = b - 359. Determine c(p).
0
Let n = 137 + -135. Let s(j) = -439 + 4*j + 436 - j**3 + 2*j**n - 4*j**2. Determine s(-4).
13
Let b(g) = 3 - 90*g**2 - 3*g + 258*g**2 - 76*g**2 - 79*g**2. What is b(1)?
13
Let w = 38175 + -38169. Let x(t) = 26*t - 60. Give x(w).
96
Let o(t) = 19*t**3 + 19*t**3 - 3 + 3*t - 5*t**2 + 20*t**3 - 57*t**3. Let k(b) = -2*b - 12. Let x be k(-8). Determine o(x).
-7
Let k(f) = -533*f + 21. Let i(b) = 196*b - 8. Let u(d) = 19*i(d) + 7*k(d). What is u(7)?
-54
Let p(v) = 2*v**2 + 2*v - 4. Let o = 40 + -40. Let m be p(o). Let y(k) = k**3 + 2*k**2 - k + 1. What is y(m)?
-27
Let l(z) = 2*z**2 + 5*z + z - 5*z + 4*z - 2*z + z**3 - 4. What is l(-4)?
-48
Let l = 9774 + -9769. Let r(i) = -i**3 + 6*i**2 - 11*i + 11. Calculate r(l).
-19
Let f(b) = 7*b + 21. Let l(d) be the third derivative of 5*d**4/8 + 7*d**3 - 3*d**2 - 6. Let z(u) = -7*f(u) + 3*l(u). Determine z(-6).
3
Let q(b) be the second derivative of -b**3/2 - 37*b**2/2 - 21*b - 76. What is q(-11)?
-4
Let t = -17305 - -17283. Let x(f) = f**3 + 21*f**2 - 25*f + 3. Determine x(t).
69
Suppose 4*s - 8*s = -20. Let t be 5/4 - (-3)/(-12). Let m(f) = -f + 1. Let v(q) = 6*q - 15. Let y(j) = s*m(j) + t*v(j). Calculate y(8).
-2
Let m(i) be the first derivative of i**2/2 - 1. Suppose -13*z + 22 = -14*z + 18. Determine m(z).
-4
Let c be ((-2 + -3)/15)/(-7 - (-6325)/900). Let y(u) be the second derivative of -u**5/20 - 11*u**4/12 + 7*u**3/3 + 10*u**2 - 3*u. Give y(c).
-4
Let s(f) = 18*f - 4. Let q be (2/10)/((-11)/1980*-12). Determine s(q).
50
Let g(r) = -2*r + 1. Let j = 51 - 62. Let k = 29 - j. Suppose k = 5*q - 5*i, -3*i + 5*i - 12 = -5*q. Calculate g(q).
-7
Suppose 53*r = -879 - 234. Let g(v) = v**2 + 13*v - 40. Give g(r).
128
Let g(f) = -f**2 - 3*f - 8. Let c be 193 + 0 - 11/(-8 + -3). Suppose -c = 12*z - 146. Give g(z).
-12
Let v(d) be the third derivative of d**4/24 - 5*d**3/3 + 1098*d**2. Give v(18).
8
Let z = -415 - -408. Suppose 3*r - 4*s = 15, 5*s = -5*r + 15 + 45. Let b(t) = 14 - r - 10 - t - 3. Calculate b(z).
-1
Let w(l) = l**2 + 19*l + 39. Let t be (28*-3)/((-5176)/(-304) - 17). Let k be (-9)/24 + t/192. Determine w(k).
5
Suppose -5*l + 23 = 4*q, -q + l - 2 = -1. Suppose 0 = -13*j + 70 + 190. Suppose -j = -q*g - 5*o, 5*o - 14 - 6 = 2*g. Let t(i) = i + 7. Determine t(g).
7
Let s = -306 - -321. Let t(d) = s*d**2 - 3*d**2 - 11*d**2 + 0 + 6 + 7*d. What is t(-4)?
-6
Let p(o) = o**3 + 3*o**2 - o + 4. Let a = -13052 - -13075. Let y be 5/2*(0 + 2). Suppose -a = 6*l - y. What is p(l)?
7
Let g(a) = -4*a**3 - 11*a**2 + 16*a + 1. Let x(u) = -u**3 - u**2 + 2*u + 1. Suppose -2*j + 3*j = q + 6, -3*j + 20 = -5*q. Let b(n) = j*x(n) - g(n). Give b(5).
-1
Suppose 4*n = -4*s + 6*n - 4, 4*s = 4*n. Let j(u) = -7*u - 4. Calculate j(s).
10
Let x(q) = 183*q**2 - 18*q + 3. Let z(r) = -100*r**2 + 10*r - 1. Let y(a) = -6*x(a) - 11*z(a). What is y(3)?
5
Let q = 3366 + -3350. Let g(x) = 2*x + 19. Determine g(q).
51
Let p(k) = 6*k - 5. Let j(f) = -2 + 39*f - 76*f + 39*f. Let o(c) = 5*j(c) - 2*p(c). What is o(-2)?
4
Suppose -63 = 61*k - 70*k. Suppose -6*w - 6 = -3*w. Let b(h) = -5*h**2 + 21*h + 41. Let a(r) = r**2 - 4*r - 8. Let n(p) = w*b(p) - 11*a(p). Determine n(k).
-29
Let i(q) = -4*q - 5 - q + 0*q + 10*q - 6*q. Let r be -13 - -6*(-4)/(-6). Determine i(r).
4
Let x(v) be the second derivative of 17*v**6/120 + v**5/30 - v**3/6 + 243*v**2/2 + 35*v. Let z(s) be the first derivative of x(s). Calculate z(-1).
-16
Let u(p) = -5*p**2 + 2*p - 2. Let c(b) = 11*b**2 + 5*b - 9*b**2 - 4*b**2 - 14*b**2 - 8. Let y(g) = 6*c(g) - 19*u(g). What is y(-4)?
6
Let m(t) = 7298*t - 11 - 7296*t + 3 + 4 - 2 - 11. Suppose 2 = d - 5. Determine m(d).
-3
Let j be (-51)/(-85) - 6/(-5)*-3. Let m(g) = -4*g**3 - 12*g**2 - 1. Let w be m(j). Let y(u) = 2*u. What is y(w)?
-2
Let u = -18938 + 18949. Let q(w) = -w**3 + 10*w**2 + 10*w + 26. Determine q(u).
15
Let o(c) = 12 - 10*c - 5*c**3 + 2 - 1 - 2 + 10*c**2 + 4*c**3. What is o(9)?
2
Let f = 76 + -72. Suppose -60 = -2*k - f*h, 5*k - 3*h = -5*h + 158. Let l(b) = -k*b - 1 - 1 + 2*b**2 + 36*b. Give l(3).
28
Let b(n) = -3*n - 22. Let d = 6571 + -6590. Give b(d).
35
Let k(o) = o + o - 351 - 302 + 662. Let f(q) = -q**2 + q + 1. Let l be f(3). What is k(l)?
-1
Let c(r) be the second derivative of -r**5/10 + r**4/2 - 5*r**3/6 + r**2 - 854*r. Determine c(5).
-123
Let v(r) = 31*r + 81. Let t(d) = 62*d + 174. Let f(j) = 3*t(j) - 5*v(j). Determine f(-4).
-7
Let d(v) = 19*v**3 + v**2 - 1. Suppose -6*a = -3*a - 48. Let t be a/6*(-2 + -2 + -2). Let p = t + 15. Determine d(p).
-19
Let p = 116 - 114. Suppose c = p*x - 8, 10 + 1 = 3*x - 2*c. Let g(u) = 6*u**2 - 3*u + 2. Let w(l) = l**3 + l. Let q(b) = g(b) - w(b). Give q(x).
7
Let v(m) be the first derivative of -6*m**2 + 15*m - 3851. Give v(2).
-9
Suppose -376*s = 394*s. Let c(u) = -u - 64. Calculate c(s).
-64
Let y be ((-27)/783*0)/1. Let j(r) be the third derivative of r**4/24 + 13*r**3/6 - r**2. Calculate j(y).
13
Let t(z) = -15*z**2 - 15*z + 7. Let p(b) = -7*b**2 - 7*b + 3. Let n(x) = 13*p(x) - 6*t(x). Let i(u) = -u. Let l(m) = -3*i(m) - n(m). Calculate l(-4).
3
Let u = 894 - 912. Let f(g) = 5*g + 7. Give f(u).
-83
Let l(b) = -6*b + 17. Suppose 5 = -j + 2*a, 3*j + 8*a - 6*a + 15 = 0. Calculate l(j).
47
Let g(s) = -199*s + 3. Let d(m) = -232*m + 2. Let o(r) = 6*d(r) - 7*g(r). Let a be 12 - 4*(-1)/(-2). What is o(a)?
1
Let p = 101 + -156. Let n = p + 51. Let l(o) be the second derivative of -o**3/6 + o**2/2 + 9*o. Calculate l(n).
5
Let m(s) = 12 - 14 + 1 + 10 - 2*s + 11. Calculate m(10).
0
Let p(a) = a**2 - 9*a - 5. Let n(s) = -s**2 + s + 1. Let o(k) = 2*n(k) + p(k). Suppose 3*g - 12 = 72*q - 70*q, -2*q + 2*g = 12. Determine o(q).
3
Let q(m) = -75*m**2 + 17*m + 48. Let p(c) = -94*c**2 + 15*c + 47. Let g(o) = -4*p(o) + 5*q(o). Give g(-22).
-14
Let s = -189 - -186. Let v(j) = -14*j + 13. Let m(a) = 22*a - 13. Let b(k) = s*v(k) - 2*m(k). Give b(-6).
-1
Let r(o) = -2*o**3 + 1 + 6*o**3 + 6 + 2*o**2 - 8*o - 1 + o. Give r(1).
5
Let z be 12/(-2)*(-11)/22. Let q(h) = 2*h**2 + 10*h + 10. Let g be q(-4). Let w(o) = 5*o**2 - o**z + 1 + g*o - 12*o**2 - 4*o - 5*o. What is w(-6)?
7
Let b(y) = y**2 + 862 - 1741 + 19*y + 890. Give b(-20).
31
Let s(u) = 8*u + 205. Suppose 137*b + 2746 = -486 - 467. Calculate s(b).
-11
Let y(n) be the first derivative of -n**4/12 + 2*n**3/3 - 29*n**2/2 + 26. Let c(t) be the second derivative of y(t). Determine c(5).
-6
Suppose 16*y - 52 = 11*y 